 - 26*n**2. Let p be b(31). Let v = p + 24. What is the units digit of v?
6
Let l(n) = 2269*n**3 + 7*n**2 + 21*n + 12. Let b(g) = -1135*g**3 - 4*g**2 - 11*g - 6. Let s(i) = -11*b(i) - 6*l(i). What is the thousands digit of s(-1)?
1
Suppose -2*b = 5*y - 4371, b - 497 = -2*y + 1252. Let p = y + -618. What is the units digit of 3/6 + p/2?
8
Let m be (1 + 1)/((-2)/(-1)). Let c = -1984 + 2040. What is the tens digit of (288/c)/(m*(-4)/(-70))?
9
What is the hundreds digit of (-4444 - -28)/(20/(-12) + 1)?
6
Suppose 0 = i - 3, 1950 = -4*q - 2*i - 504. Let d = -152 - q. What is the tens digit of d?
6
Let s be -1 - -6 - 6/3. Let v be (-1 - -25)/(-4) + 9. Suppose -4*k = -r + k + 43, -v*k + 39 = s*r. What is the units digit of r?
8
Suppose -k + 3*k - 6 = 0. Suppose h + 7*i - 18 = 5*i, -k*i + 92 = 4*h. Suppose -h*u + 976 = -22*u. What is the tens digit of u?
4
Let o(h) = 14 + 10*h**2 - 3 + 0 + 15*h - 5. What is the units digit of o(-10)?
6
Suppose 0 = 34*w - 25*w + 36. What is the tens digit of (1666/w + -1)*180/(-225)?
3
Let r be (-175)/(-63) - (-2)/9. Suppose 1415 = 3*g + g + 5*l, -r*g = -l - 1085. What is the tens digit of g?
6
Suppose 0 = -2*k - 61 + 39. Let p(f) = -f**2 - 12*f - 3. Let q be p(k). Let u(t) = 2*t**2 - 2*t - 7. What is the tens digit of u(q)?
0
Suppose 25 - 5 = -4*n. Let z be (-64596)/(-140) + (0 - (-2)/n). Suppose -b + 0*v + 147 = 2*v, 3*b = 4*v + z. What is the tens digit of b?
5
Let x be (-120)/160 + (-137)/4. Let j(v) = -2*v**2 - 96*v + 76. What is the hundreds digit of j(x)?
9
Let s = 13845 - -9059. What is the tens digit of s?
0
Let s(l) = -8*l**3 - 3*l**2 - 3*l - 1. Let v be s(-1). What is the units digit of (4986/(-42) - 3)*v/(-2)?
6
Suppose -420645 = -266*d + 179*d. What is the tens digit of d?
3
Let s be (1 + -2)/1 - -4. Suppose 2*a - 2*n + 2 = -6*n, 5*a - s*n = 34. Suppose a*k + 62 = -3*y + 457, 4*k + 4*y = 308. What is the tens digit of k?
8
Let p = -40 - -42. Suppose -4*m + 4*x + 678 = 2*x, -4*x + 147 = m. Suppose -2*g = -3*g - p*q + m, -2*q = -6. What is the tens digit of g?
6
Suppose 2*w + 9*f = 12*f + 8355, -3*w + 12516 = f. What is the units digit of w?
3
Let l = 2794 - -369. What is the tens digit of l?
6
Suppose -3*u + 22077 = 3*b, -267*u + 7384 = b - 271*u. What is the hundreds digit of b?
3
Let m = 249 - 191. What is the units digit of m?
8
Let n(g) = -3*g**2 + 17*g - 86. Let o be n(10). Let j = o - -816. What is the hundreds digit of j?
6
Suppose -80*f = -75*f + 350. Let s = f + 370. What is the hundreds digit of s?
3
Let u = 32 - 31. Let w be 3*u + (-580)/(-4). Suppose -5*y + m + 379 = 17, 2*y = 2*m + w. What is the tens digit of y?
7
Let y(q) = -q**2 - 7*q - 3. Let p be y(-6). Suppose -830 = -91*u + 1169 + 640. Suppose l - 4*i + u = 2*l, 3*i + 72 = p*l. What is the tens digit of l?
2
Let w be 38003/366 + (-3)/2 + (-45)/(-27). Let s be ((-16)/10)/((-2)/140). Let b = s - w. What is the units digit of b?
8
Suppose 0 = 29*m - 38*m + 72. What is the tens digit of m/6*45 - -6?
6
Suppose -4*g + 4*p + 56200 = 0, -g + 3*p + 7844 + 6216 = 0. What is the thousands digit of g?
4
Let n(m) be the second derivative of 3*m**5/20 - 7*m**4/12 + 11*m**3/6 - 2*m**2 - 3*m + 8. Let c be n(4). What is the units digit of (c/18)/((-3)/(-45))?
0
Let n(l) = -62*l + 1899. What is the units digit of n(-14)?
7
Let d be 11/(-22) - (-2)/(-4)*-189. Let m = -80 + d. What is the units digit of m?
4
Let s(z) = -4892*z**2 - 8*z + 12. Let j be s(3). What is the units digit of 3/(-2)*j/90?
4
Let v = 146 - 142. Suppose -v*z - 218 = -1514. What is the units digit of z?
4
Suppose 4*q + 267*c = 266*c + 62177, -5*q - 4*c + 77702 = 0. What is the tens digit of q?
4
Let h be (8/(-6) - -1)*3. Let x(b) = -78*b**3 + 3 - 23*b + 25*b - 1. What is the tens digit of x(h)?
7
Let d(g) = -547*g**3 + 2*g**2 + 60*g + 276. What is the hundreds digit of d(-5)?
4
Let v(m) = 411*m**2 - 3*m - 2. Let c = -121 + 120. What is the tens digit of v(c)?
1
Suppose 285667 = -203*v + 803520. What is the hundreds digit of v?
5
Suppose 14*p = 14*p - 17*p + 1301690. What is the ten thousands digit of p?
7
What is the units digit of (-9939)/(15*15/(-150))?
6
Let i(n) = -n**2 - 3*n + 21. Let q be i(16). Let b = -176 - q. Let r = -42 + b. What is the units digit of r?
5
Suppose -k - k - 72 = -2*d, 4*k + 76 = 2*d. Suppose -30*o = -d*o + 8. Suppose 4*v = -16, -o*s - 3*v + 352 = -0*v. What is the tens digit of s?
8
Suppose 0 = 158*c - 176978 + 38886. What is the units digit of c?
4
Let y(c) = 18*c**2 + 6*c + 64. Let j(d) = 9*d**2 + 3*d + 31. Let z(h) = -11*j(h) + 6*y(h). What is the tens digit of z(9)?
9
Let u(j) = -j**3 + 24*j**2 - 22*j - 15. Let s be u(23). Suppose -s*x + 6567 = 3*x. What is the units digit of x?
7
Suppose 11*i + 20 = 15*i. Suppose 0 = 3*t + c - 1647 - 322, -651 = -t + i*c. What is the units digit of t?
6
Let l(f) = -647*f - 559. What is the thousands digit of l(-5)?
2
Let t(k) = 1345*k**3 + 21*k**2 - 55*k - 2. What is the hundreds digit of t(3)?
3
Let w be (-2)/(-3) - 338/3. Let t be (6/9)/1 - w/21. Suppose -27 = -t*m + 9. What is the units digit of m?
6
Suppose -4*q = k - 14761, 3*k + 8309 = 4*q - 6448. What is the hundreds digit of q?
6
Let n(v) = 30*v + 70. Let q be n(-2). Suppose -20*d + q*d = -20780. What is the tens digit of d?
7
Let z(u) = 3*u**2 - 33*u - 25. Let r(o) = 2*o**2 - 32*o - 26. Let q(g) = 4*r(g) - 3*z(g). Let s be q(-19). Let f = -64 + s. What is the units digit of f?
7
Let h(q) = -q**3 - 2*q**2 + 6*q + 2. Suppose -3*i = 20 + 7. What is the units digit of h(i)?
5
Suppose 548570 + 54255 = 25*h. What is the tens digit of h?
1
Suppose 3*g + 2750 - 1136 = 0. Let c = g + 809. Suppose 273*d - c*d = 164. What is the tens digit of d?
8
Let n be (15*2)/((-575)/(-70) + -8). Suppose 8*h - n = 228. What is the tens digit of h?
4
What is the units digit of ((-24794)/(-28))/(5 - 36/8)?
1
Let x(s) = 1796*s**2 - 103*s + 671. What is the tens digit of x(6)?
0
Let v(f) = -3*f**2 + 25*f + 63. Let o(p) = 40*p - p**2 - 21 - 48*p + 2*p**2. Let y(c) = -17*o(c) - 6*v(c). What is the units digit of y(17)?
0
Suppose -66 = -3*k - 51, 27262 = 3*a + 2*k. What is the tens digit of a?
8
Let w = 19796 - 13970. What is the tens digit of w?
2
Let i(g) = -1627*g + 352. What is the tens digit of i(-7)?
4
Let l(a) = -2*a**3 + 12*a**2 + 3*a - 15. Let i be l(6). What is the units digit of 34 - (2/i)/(2/15)?
9
Suppose -4 = 2*p - 8. Let i(n) = 7 + 8*n - 2 - 9*n**p + 10*n**2 + 3. What is the hundreds digit of i(8)?
1
Let b = 23093 - 12929. What is the hundreds digit of b?
1
Suppose 9 = -2*p + 11. Let s be p + (-4 - -3 - -2). Suppose -53 = -2*x + u, s*x + u - 78 = -3*u. What is the units digit of x?
9
Let w(h) be the second derivative of -h**5/20 + 4*h**4/3 + 8*h**3/3 + 25*h**2/2 - 8*h + 6. What is the units digit of w(13)?
0
Suppose -89*t + 1663 = -235611. What is the units digit of t?
6
Let j be (-2)/(-12) - (-104)/(-48). Let n be (-106)/(-22) - j/11. Suppose 3*u + f - 170 = -2*u, -n*u + 5*f = -200. What is the tens digit of u?
3
Let m(h) = h**3 + 2*h**2 - h + 69. What is the tens digit of m(18)?
3
Let l = 98 - 90. Let u be -1*(l/28 - 69/21). Suppose 0 = -0*n + 2*n - u*x - 205, -2 = 2*x. What is the hundreds digit of n?
1
Let l be (-3 - -1)*(156/8 - 1). Let w(r) = -22*r - 157. What is the hundreds digit of w(l)?
6
Let f = 21 - 1. Let x(v) = 16 + 0 + f - v - 3. What is the units digit of x(-11)?
4
Suppose -10 = -2*u + 5*c, 4*c - 5 = -u + 7*c. Suppose 3 = a, u*z - 4*a + a - 976 = 0. What is the tens digit of z?
9
Let r(u) = 1280*u - 2880. What is the thousands digit of r(12)?
2
Suppose -5*k - 6*y = -10*y - 95056, -k + 19028 = 2*y. What is the units digit of k?
6
Let q(m) = -8*m + 36. Let o be q(6). Let d be 1*o*16/(-3). Suppose 2*k - 2 = d. What is the units digit of k?
3
Let k = 3175 + -1251. Suppose 16*b = k + 4332. What is the tens digit of b?
9
Let q(s) = 74*s + 206. Let d be q(-9). What is the hundreds digit of (10 - d)*(36/10 - 2)?
7
Let m(y) = 2*y**2 - 7*y - 12. Let c be m(-2). Let n(d) = 47*d + 59. What is the hundreds digit of n(c)?
5
Let k = 861 - 567. Suppose 0*u = 14*u + 42. What is the units digit of (((-25)/u)/(-5))/((-7)/k)?
0
Suppose -12476*b = -12506*b + 936840. What is the ten thousands digit of b?
3
Suppose -2*q = -5*w - 7*q + 35, 3*q + 3 = w. What is the units digit of (180